 + 77*f, u + 1 = f. Let k(g) = 2*g**3 + 5*g**2 + g - 4. Calculate k(u).
-16
Suppose 0 = 6*v - 186 + 162. Let x(n) = n - 6. Determine x(v).
-2
Suppose 0 = -14*n - 230 + 258. Let i(f) = 5*f**3 - f**2 - 2*f + 1. Give i(n).
33
Suppose 3*q + 3*d = 8 + 1, -3*q + 2*d = -9. Let t = 9 - q. Let v(r) = -r**3 + 6*r**2 + 3*r - 7. Give v(t).
11
Let t(w) = 2*w**3 - 18*w**2 - 4*w + 41. Let d be t(9). Suppose -3*a - h + 7 = 0, 1 = a + h + 2. Let y(l) = 0*l - 6*l - l**2 + a + 2*l**2. Give y(d).
-1
Let k(o) = -18 - 273178*o - 16 + 273159*o. Give k(-2).
4
Let o(g) = 7*g**3 - 12*g**2 + 11*g - 11. Let m(u) = 8*u**3 - 13*u**2 + 12*u - 12. Let z(t) = -6*m(t) + 7*o(t). Determine z(6).
25
Let n(b) = b**3 - 8*b**2 - 10*b + 10. Let l be n(9). Suppose -4*z + 7 + 1 = 0. Let c(y) = -11*y**3 - 6*y**z + 5*y**2 - 4*y**3. Determine c(l).
-16
Let s(t) = t**3 - 2*t**2 + t - 1. Let n(b) = -b**3 - b**2 + 3*b - 4. Let d be n(-3). Let x be (28/(-49))/((-20)/14)*d. Give s(x).
1
Suppose -2*w + 1 + 17 = 0. Let t be 2*(w/3 - 1). Suppose -2 = -t*x + 2*x. Let c(s) = -5*s**3 + s**2 - 1. Calculate c(x).
-5
Let d(w) be the first derivative of w**4/4 + 3*w**3 - 9*w**2/2 + 8*w - 163. Give d(-10).
-2
Let a(w) = -2*w + 68. Let s be a(34). Let f(o) be the second derivative of -o**4/12 - o**3/6 - 9*o**2/2 - 3*o. What is f(s)?
-9
Let j(f) be the second derivative of 2*f**3/3 + f + 6. What is j(-2)?
-8
Let y be (0 - (-1)/1) + 7. Suppose -y*h - 33 = -1. Let l(k) = -k - 2. Calculate l(h).
2
Let l(v) = 2*v - 1. Let j be (5/(-2))/(50/(-120)). Let q(x) = -9*x + 4. Let k(u) = j*q(u) + 26*l(u). Let z = 6 - 4. Determine k(z).
-6
Let h = 38 - 29. Let y = -15 + h. Let m(r) = r + 3. Calculate m(y).
-3
Let f = 119 - 175. Let l = -61 - f. Let v(p) = p**2 + 7*p + 7. Give v(l).
-3
Let g(i) = -i - 2. Let l(q) be the second derivative of q**3/6 + q**2/2 + 4*q. Let n be l(-4). Let y be (n/(-2) + -1)*-2. Calculate g(y).
-1
Let y = 335 - 343. Let f(v) = v**3 + 8*v**2 - 8. What is f(y)?
-8
Let i(p) = p**2 + 5*p - 1. Let k = 1 - -17. Let d be ((-24)/(-9))/(4/k). Suppose -v - d = v. Calculate i(v).
5
Let n(c) = -3603 + 3602 + c**2 - 13*c**2 + 2*c. Determine n(1).
-11
Let i(u) = -u**2 + u - 1. Let o(y) = 8*y**2 - 5*y + 4. Let n(z) = -6*i(z) - o(z). Determine n(2).
-8
Let l(w) = -w**3 - 3*w**2. Let a = -9 + 15. Let n be a*(9/6 - 2). Determine l(n).
0
Let s(i) = 4*i - 40. Let r be (-7 + 0 + 2)/((-1)/2). Let w be s(r). Let x(k) = k**3 - k - 14. Give x(w).
-14
Let q(r) = 35*r + 2. Let u = 25 - 26. Calculate q(u).
-33
Let b(i) = -32*i + 165. Let t be b(5). Let l(j) = -j**3 + 5*j**2 - 4*j + 1. Determine l(t).
-19
Let k(o) = 2*o**3 - 10*o**2 - 3*o - 8. Let z(g) = -g**3 + 12*g**2 + 2*g + 8. Let f(m) = -2*k(m) - 3*z(m). What is f(-16)?
-8
Suppose x - 15 = -f, -5*x + 0*x = -4*f + 60. Suppose j - f = -2*j. Let w(k) be the first derivative of k**4/4 - 4*k**3/3 - 7*k**2/2 + 6*k + 12. Give w(j).
-4
Let t(k) be the first derivative of -k**3/6 + 5*k**2/2 - 5*k + 14. Let g(h) be the first derivative of t(h). What is g(5)?
0
Let b(a) = -9*a**2 + 45*a + 7. Let f(s) = 5*s**2 - 24*s - 3. Let w(x) = -6*b(x) - 11*f(x). Give w(-7).
-16
Let g = -229 - -227. Let m(q) be the second derivative of -q**5/20 - q**4/6 + 2*q. Give m(g).
0
Let v = -396 + 394. Let k(m) = -m**2 - 6*m - 3. Give k(v).
5
Let c(a) = -7*a**2 + 17 + 14 + 9*a - 29 + a**3 - 11*a. Give c(7).
-12
Let i(l) = 3 + 5 - 3 - 3 - 5 - 3*l. Let j = 0 + -3. Determine i(j).
6
Let d(r) be the second derivative of 3/2*r**2 + 6*r + 0 - 1/12*r**4 + 1/6*r**3. What is d(4)?
-9
Let j(b) = 4 + 0 + 13*b + 9*b - 18*b - 25. What is j(9)?
15
Let y(r) = -6*r**3 - 6*r**2 - 8*r + 4. Let h(n) = n**3 - n**2 - 1. Let t(a) = 5*h(a) + y(a). What is t(-10)?
-21
Let j(u) = -3*u + 3. Let z be 7 - (-3 + 4)*12. Determine j(z).
18
Suppose -2*r = -0*r - 4. Let u(d) = 26 - 56 + 7*d + 29. Calculate u(r).
13
Let a(h) = -h**2 - 12*h + 26. Suppose 18*l = -505 + 253. Give a(l).
-2
Suppose 2*f + 2*f = -4. Let r(i) = -5*i + 1. Let v be r(f). Let s(d) = -d + 1. Let q(c) = c**2 + 5*c - 6. Let g(n) = v*s(n) + q(n). Determine g(2).
2
Let y(k) = -5*k**3 + 15*k**2 + 12*k - 11. Let c(f) = -3*f**3 + 8*f**2 + 7*f - 6. Let g(d) = 7*c(d) - 4*y(d). Determine g(-4).
-2
Let l be (-8 + 10 - 0)/2. Let g = 12 + -7. Let u(y) = 1 - g*y + 5*y + 3*y. Determine u(l).
4
Let o(t) = t**2 - 6*t - 5. Let j = 101 - 95. Give o(j).
-5
Let n(r) = -2*r - 13*r**2 - 19*r**2 + 50*r**2 - 1 - 17*r**2 + 3*r. Suppose 8*o = 3*o + 15. Suppose 8*y = o*y - 10. Give n(y).
1
Let t(h) be the second derivative of h**4/24 - 5*h**3/6 - 11*h**2/2 + h. Let g(b) be the first derivative of t(b). Give g(5).
0
Let m(k) be the first derivative of 3*k**2/2 - 7*k + 31. Let j(p) = p**3 + 7*p**2 + 5. Let v be j(-7). Determine m(v).
8
Let a(i) be the second derivative of i**4/12 + i**3/6 - 13*i**2 - i - 8. Determine a(0).
-26
Let b(w) = -7*w - 12*w - 2*w - 5*w + 21 + 23*w. What is b(14)?
-21
Let g(p) be the third derivative of -p**6/120 + 7*p**5/30 - 13*p**4/24 - 13*p**3/6 - 159*p**2. Determine g(13).
-13
Let n(l) = -l**2 - l + 2. Let b(i) = i**3 - 12*i**2 - 13*i + 7. Let z(h) = b(h) - 2*n(h). Give z(11).
3
Suppose -27*r = -30 + 3. Let u(q) = -5*q**3 - 3*q**2 + q. Calculate u(r).
-7
Let y be 5 + -1 + 100/10. Let n = y + -8. Let i(c) be the third derivative of -c**6/120 + 7*c**5/60 - 5*c**4/24 - 2*c**3/3 + c**2. Calculate i(n).
2
Let v(d) = 8*d + 10*d + 15*d - 1 - 28*d. Calculate v(-1).
-6
Let x(h) be the third derivative of -h**6/360 + h**4/12 - h**3/3 + h**2. Let f(r) be the first derivative of x(r). Let w be (7 + -2)*4/(-10). What is f(w)?
-2
Let d(v) be the second derivative of v**4/12 + v**3 - 11*v**2/2 + 5*v. Let n be d(-8). Let c(w) = -2 - 3*w**2 + 4 - n*w + 3*w - 4. Give c(-2).
-10
Let a(q) = -13*q + 12. Let d(t) = 20*t - 22. Let b(j) = 5*a(j) + 3*d(j). Determine b(5).
-31
Let t(c) = 15*c + 11. Let d(r) = -7*r - 5. Let h(f) = -13*d(f) - 6*t(f). Give h(5).
4
Let w(p) be the first derivative of p**4/4 - p**3/3 + 583. Calculate w(2).
4
Let a(m) be the first derivative of -2*m**4 + m**3/3 + m**2/2 - 234. Give a(-1).
8
Let f(s) = 2*s + 4. Let t = -16 + 12. Let a be (-2)/t - (-5)/(-10). Let q be f(a). Let w(y) = -2*y**2 + 6*y. Calculate w(q).
-8
Let f(s) = -3*s - 1. Let v(u) = -8*u - 2. Suppose 0 = 3*l - a + 17, 0 = 5*l - 2*l - 5*a + 37. Let j(c) = l*v(c) + 11*f(c). Determine j(3).
-6
Let t be 3/(-6)*(1 - -1). Let h(y) = 48 + 47 - 90. Let b(p) = p + 6. Let j(c) = 4*b(c) - 5*h(c). Calculate j(t).
-5
Let c(i) be the third derivative of i**6/120 - i**5/60 + i**3/6 + 180*i**2. Give c(-1).
-1
Let f(o) = 7*o**3 + 3*o**2 + 3*o - 3. Let s(y) be the first derivative of 11*y**4/4 + 5*y**3/3 + 5*y**2/2 - 5*y + 11. Let v(i) = 8*f(i) - 5*s(i). What is v(0)?
1
Let h(r) = -463*r - 19 + 924*r - 464*r - 34. Give h(-20).
7
Let b(l) = l. Suppose -3*n = -7 - 8. Let h = n - 5. Let c be (-4)/(-4) - (h + -2). Calculate b(c).
3
Suppose 0 = -10*t + 3 + 57. Let r(g) = -g**2 + g + 35. Give r(t).
5
Suppose -5 = -8*b + 27. Suppose 0 = -b*c - 4*j + 35 - 11, -2*j = 0. Let w(v) = 3*v - 5. What is w(c)?
13
Suppose 3*h - 2*c = -0*c + 25, 3*c + 30 = 3*h. Suppose -3*z = -h*o + 1, 3 = 3*o + 2*z + 10. Let n(w) = -2*w**2 + 1. Calculate n(o).
-1
Let l = 69 - 63. Let x(m) = 7*m - 8. Let r(z) = 12*z - 14. Let c(w) = -4*r(w) + 7*x(w). Determine c(l).
6
Let k be 10/35 - 6/21. Let w(j) = j**2 + j + 4. Let o be w(k). Let g(h) = h**2 - 7*h + 1. What is g(o)?
-11
Let y(r) = -14 + r - r**3 + 16 + 5*r + 2*r**2 - 4. What is y(4)?
-10
Suppose 0 = 8*t - 0*t + 24. Let g be 3 + 0 - (10 - 10). Let p(z) = 4*z**2 + 3 - g*z + 2*z - 5*z**2. Determine p(t).
-3
Let q be (-3)/9*-9 + (68 - 1). Suppose -q = -2*t - 62. Let f(x) = -x**2 - x - 1. Give f(t).
-21
Let o(n) be the second derivative of n**3/6 - 2*n**2 - n. Suppose 5*c + 13 - 65 = 4*s, 2*s + 14 = c. Suppose 16*m - 18*m - c = 0. What is o(m)?
-8
Let k(x) = -x**3 + x**2 + x + 32. Let r(t) = 3*t**2 + 19*t - 14. Let u be r(-7). What is k(u)?
32
Let q = -1981 + 1989. Let i(v) = -v**2 + 7*v - 2. Determine i(q).
-10
Let x(y) = y + 5. Let z(g) = 12*g**3 + g**2 + g - 1. Let d be z(1). Suppose -4*q = d - 37. Determine x(q).
11
Let b(s) = s**3 + 9*s**2 - 23*s - 5. Let t(z) = 2*z**3 + 18*z**2 - 41*z - 9. Let o(d) = 11*b(d) - 6*t(d). Calculate o(-8).
-9
Let b(w) = w + 859810 - 859810. Let l(h) = h**3 - 